. Suppose 2*i = -5*j + 440, -2*j - 7 = -i - z. What is the remainder when j is divided by 22?
20
Let j(s) = s**3 - 22*s**2 + 45*s - 29. What is the remainder when 211 is divided by j(20)?
69
Let q(z) = 9*z + 1. Suppose 3*d - 4 - 2 = 0. Calculate the remainder when 93 is divided by q(d).
17
Suppose -6*z - 535 = 209. Let r = z + 219. What is the remainder when r is divided by 32?
31
Let m(r) = r**3 - 3*r**2 - 2*r - 5. Let z be (18/21)/((-4)/(-28)). Let j(b) = b - 1. Calculate the remainder when j(z) is divided by m(4).
2
Suppose -4*g + 5*g + 3*m - 7 = 0, 2*m = 5*g - 35. Suppose 2*c = 15 + 9. What is the remainder when c is divided by g?
5
Suppose -v - 4 = 3*k - 44, 0 = 4*k + 7*v - 76. Suppose 3*c - y - 138 = y, 5*y + 184 = 4*c. What is the remainder when c is divided by k?
10
Let x = 56 - 15. Calculate the remainder when 116 is divided by x.
34
Let d = -50 + 87. Calculate the remainder when (-49)/((-28)/(-6) + (-9 - -9) + -5) is divided by d.
36
Let z(p) = -60*p - 4 + 55*p + p**3 + 21 + 4*p**2 + 2*p**2. What is the remainder when 9 is divided by z(-7)?
0
Calculate the remainder when -30*(-21)/24 - (-10)/(-8) is divided by 3.
1
Let b(u) = -3*u**2 - 113*u + 79. Calculate the remainder when b(-38) is divided by 34.
7
Let t = -2 - -9. Calculate the remainder when 320/t - 4/(-14) is divided by 12.
10
Let q(t) = 33*t + 2. Let g be q(2). Let y = g - 57. Let f(o) = 3*o - 2. Calculate the remainder when y is divided by f(3).
4
Suppose 14*v - 1012 = -8*v. Calculate the remainder when v is divided by 29.
17
Let v = -18 - -21. Let i(u) = 5*u - 3. Calculate the remainder when 46 is divided by i(v).
10
Let j(y) = -3*y - 6. Let m be -1 + -1 + (10 - 6). Suppose -m*q + 18 = 3*a + q, -3*a - 5*q + 26 = 0. Calculate the remainder when j(-4) is divided by a.
0
Let c(z) = 3*z**2 - 29*z + 1. Let h(n) = -2*n**3 - 6*n**2 - 9*n + 2. Calculate the remainder when h(-3) is divided by c(10).
7
Let m(q) = 54*q - 22. What is the remainder when 94 is divided by m(1)?
30
Suppose -4*k - 16*k + 200 = 0. Calculate the remainder when 23 is divided by k.
3
Let u be ((-30)/(-12))/((-1)/(-6)). Let f = 0 - u. Let l(a) = -a**2 - 18*a + 1. What is the remainder when l(f) is divided by 25?
21
Calculate the remainder when ((-12)/1)/(6/(-21) - 0) is divided by 12.
6
Suppose -v = -3*v + 42. What is the remainder when v is divided by 16?
5
Let s(n) = 2*n + 4. Let c = -44 - -53. Calculate the remainder when s(6) is divided by c.
7
Suppose -4*a + 5*a = 0. Let f be 2 + a - (-15)/5. Let k = 16 - f. What is the remainder when 32 is divided by k?
10
Let p(w) = w**3 + 8*w**2 + 8*w + 8. Let y = 282 + -281. Calculate the remainder when p(-7) is divided by y.
0
Let k be (-943)/(-4) - (5 - 126/24). What is the remainder when 143 is divided by k/8 - (-5)/(-10)?
27
Let w be (4 + (-46)/10)*-15. What is the remainder when w/27 + 268/6 is divided by 8?
5
Suppose -3*l + 130 - 37 = 0. Let m = 52 - l. What is the remainder when ((-78)/8)/((-2)/8) is divided by m?
18
Let c(v) = 71*v - 3. Suppose -46*n + 47*n - 1 = 0. What is the remainder when c(n) is divided by 12?
8
Suppose 32*o + 210 = 1522. Calculate the remainder when 2459 is divided by o.
40
Let m(y) = 4*y + 50. What is the remainder when 65 is divided by m(-6)?
13
Suppose -9 + 33 = 2*y. Calculate the remainder when 26 is divided by y.
2
Suppose 5*r - 62 = 3*r. Let l = -21 + r. Calculate the remainder when l is divided by (1 + 10/(-14))*14.
2
Suppose -285 = -8*a + 763. Calculate the remainder when a is divided by 12.
11
Suppose -4*t = 5*l + 13, 2*t = -2*t + l + 17. What is the remainder when t/(-1) + 3 + 90/3 is divided by 11?
8
Suppose -5*j - 61 = -2*h, -h - 13*j + 53 = -8*j. What is the remainder when h is divided by 10?
8
Suppose -3*k = 2*f - 764 + 200, -4*k - f = -752. Suppose h + 115 = 5*t - 0*t, 2*h + k = -4*t. Let g = 144 + h. What is the remainder when g is divided by 9?
8
Calculate the remainder when (-6)/(-18) + (-320)/(-12) is divided by 23.
4
Suppose 110 = 8*s - 6*s. Let j = 193 - 165. Calculate the remainder when s is divided by j.
27
Suppose -2*u + 0*w - 9 = -3*w, -w = 2*u - 3. Suppose 4*p - 65 = -k, k + k + 3*p - 105 = u. Suppose 3*z = 6*z - k. What is the remainder when z is divided by 9?
6
Let x(j) = 7*j**2 + 49*j + 12. Calculate the remainder when x(-13) is divided by 14.
12
Suppose 0 = 2*m - 4, 6*m - 2*m = -4*g + 68. Calculate the remainder when 250 is divided by g.
10
Let a(i) = 3*i + 2. Let k be a(-1). Let l be (5/(-4))/(2/8). Let q = k - l. What is the remainder when 6 is divided by q?
2
Let y(o) = -o**2 - 7*o - 3. Suppose 4*k - 36 = -4*u, k = 4*u + 11 - 37. Calculate the remainder when u is divided by y(-6).
1
Calculate the remainder when 4/14 + (-3128)/(-28) is divided by 23.
20
Let q(c) = -39*c - 299. Calculate the remainder when q(-11) is divided by 42.
4
Suppose -28 - 94 = -3*s + 2*d, -5*s - d = -199. What is the remainder when s is divided by 15?
10
Let c(f) = -f + 5. Let k be c(0). Suppose -l + 9 = 3*j, -l = -5*j - 12 - k. Suppose -4*g + 82 = -10. What is the remainder when g is divided by l?
11
Calculate the remainder when 233 is divided by 54 - 2*(6/12 - -2).
37
Let h = -600 + 771. Calculate the remainder when h is divided by 35.
31
Suppose -2*k + 105 = 5*k. Calculate the remainder when k is divided by 14.
1
Let u = -38 - -55. Suppose 18 + u = 7*v. Calculate the remainder when 7 is divided by v.
2
Let f = 106 + -102. Suppose -8*l + 69 = -3*l - f*i, 2*l - i = 27. Calculate the remainder when l is divided by 5.
3
Let v(k) = 16*k + 21 - 4*k**3 + 15*k**2 + 8 + 5*k**3. What is the remainder when 1 is divided by v(-14)?
0
Suppose -5*y = -2*d + 16, 3*y = -5*d - 0*d - 22. Calculate the remainder when -1 + 4 + (-6 - -5) is divided by 2/(-1)*d/4.
0
Let j = 87 - 76. Let h(y) = y**3 - 12*y**2 + 13*y - 6. Calculate the remainder when 45 is divided by h(j).
13
Let a be ((-3 - -64) + 0)/1. Let p = a + 42. Calculate the remainder when p is divided by 15.
13
Suppose -3*p + 2*o = -13, -5*o = 4*p - 18 - 7. Let a(t) = t**2 + 7*t + 9. What is the remainder when a(-8) is divided by p?
2
What is the remainder when 1/(-3) - (-3718)/39 is divided by 20?
15
Suppose 3*n = 99 + 165. Suppose -6 = -3*o + 9. Suppose n = o*v - v. What is the remainder when v is divided by 6?
4
Suppose 8*c + 5*z = 3*c + 55, 0 = 3*c - 2*z - 48. What is the remainder when 445 is divided by c?
11
Let j = 137 - 228. Let y = j + 162. What is the remainder when y is divided by 19?
14
Suppose 144*m = 146*m - 16. What is the remainder when 34 is divided by m?
2
Let y = -61 + 186. Calculate the remainder when y is divided by 8.
5
Suppose -4*j - 5*r = -1666, 28*j - 412 = 27*j + r. Calculate the remainder when j is divided by 80.
14
Calculate the remainder when ((-64)/10)/(-4 + 58/15) is divided by 26.
22
Suppose 5 = -w + 2*w. Let p = w + -1. Suppose -u + 7 - 1 = p*c, -5*c = -u + 6. What is the remainder when 22 is divided by u?
4
Let k = 100 - -87. Let i = k - 106. Calculate the remainder when i is divided by 12.
9
Suppose 63 = 4*o - 5*k, -3*o = -0*o + k - 71. Let w be 4/o - (-120)/66. Calculate the remainder when (4/w)/2*11 is divided by 6.
5
Let q be (-1708)/21*3*-9. Suppose 0 = -2*a - 4*s - q, -3*a + 7*s - 4*s = 3267. What is the remainder when (a/14)/(3/(-2)) is divided by 14?
10
Suppose -5*b = -b - 16. Suppose 0*m = m - b. Suppose 4*q - j - 13 = 0, m*j + 19 = -1. What is the remainder when q is divided by 2?
0
Suppose -5*n - 44 = 56. Let s(k) = k**3 - 20*k**2 - 21*k + 7. What is the remainder when ((-6)/(-5))/((-2)/n) is divided by s(21)?
5
Let w = 449 - 264. What is the remainder when w is divided by 48?
41
Suppose 0 = -a + 3*a - 14. Suppose 2*f + 105 = 9*f. Calculate the remainder when a is divided by (5/(-3))/(40/f - 3).
2
Suppose 2*v + v + 7 = 2*o, -4*o - v + 21 = 0. Suppose 0*n - o*n - 5 = 0. Calculate the remainder when 2 + (0 + 13 - n) is divided by 6.
4
Let i(b) = 12*b**2 - 8*b + 22. Calculate the remainder when 207 is divided by i(3).
101
Let i(c) be the second derivative of -3*c**3/2 - 15*c**2/2 - 36*c. Let f be (20/(4/(-2)))/1. Calculate the remainder when i(f) is divided by 19.
18
Let w(y) = -y**3 - 3*y**2 + 3*y + 2. Let a be ((-12)/15 - 0)*5. Let z be w(a). What is the remainder when 3/(-2)*(-236)/z is divided by 20?
19
Let j(u) = 589*u**2 - 2*u - 1. Let c be j(1